218990148 and 234.
78
What is the greatest common factor of 158703714 and 702?
234
What is the highest common factor of 4144 and 30023?
7
Calculate the highest common divisor of 811085664 and 939.
939
Calculate the highest common divisor of 411567 and 79972191.
6747
What is the highest common divisor of 157 and 1968623?
157
What is the highest common divisor of 168 and 90177654?
42
Calculate the highest common divisor of 169661225 and 5450.
2725
Calculate the highest common factor of 42705 and 18130645.
4745
Calculate the greatest common factor of 5716 and 37201157.
1429
Calculate the greatest common factor of 3371 and 73915917.
3371
What is the greatest common factor of 1312451 and 378?
7
What is the greatest common factor of 7130 and 58857?
23
Calculate the highest common divisor of 20196962 and 933.
311
What is the highest common divisor of 2679489 and 1055?
211
What is the highest common divisor of 38 and 446300462?
38
Calculate the greatest common factor of 96425 and 5038325.
475
What is the highest common divisor of 16 and 1318472?
8
What is the greatest common factor of 511419777 and 2217?
2217
Calculate the highest common divisor of 17377117 and 172.
43
What is the highest common divisor of 1593 and 477219789?
1593
What is the greatest common divisor of 543576 and 3903438?
4686
What is the highest common factor of 42352 and 5656639?
2647
Calculate the greatest common divisor of 169388203 and 796.
199
What is the highest common divisor of 1294 and 6007395?
647
What is the highest common divisor of 1419 and 35282489?
473
What is the greatest common divisor of 173306430 and 60?
30
Calculate the highest common divisor of 145187 and 8909741.
2963
What is the highest common factor of 430 and 1801915?
215
Calculate the greatest common divisor of 746 and 1218980412.
746
What is the highest common divisor of 272 and 207018775?
17
Calculate the highest common factor of 78 and 23231559.
39
Calculate the greatest common divisor of 249359420 and 285.
95
Calculate the greatest common factor of 1638273 and 175441.
2471
Calculate the highest common divisor of 760 and 462764.
76
Calculate the highest common divisor of 293918 and 66946.
358
Calculate the greatest common divisor of 210243 and 196947.
831
What is the greatest common divisor of 1686 and 145755824?
562
Calculate the highest common divisor of 36369100 and 25.
25
What is the greatest common divisor of 87 and 65209400?
29
Calculate the highest common divisor of 3230 and 10930.
10
Calculate the greatest common factor of 1455103692 and 4844.
4844
What is the highest common factor of 2451303 and 265?
53
What is the greatest common divisor of 160785 and 86943?
1191
What is the highest common divisor of 5 and 5211005?
5
Calculate the greatest common divisor of 6427278 and 111.
3
What is the greatest common divisor of 3515249 and 467920?
5849
Calculate the greatest common divisor of 7648 and 24033601.
239
Calculate the greatest common factor of 16713 and 17631.
27
What is the greatest common factor of 499246 and 389907?
2063
What is the greatest common divisor of 15856347 and 2925?
39
Calculate the greatest common factor of 8029 and 854293.
37
Calculate the highest common factor of 400950 and 139150.
550
What is the highest common factor of 20818 and 100982?
14
Calculate the highest common divisor of 96 and 31071024.
48
What is the greatest common divisor of 1095853 and 1606?
11
Calculate the greatest common factor of 32331630 and 30.
30
Calculate the highest common factor of 49186664 and 10819.
349
What is the greatest common factor of 778 and 14412061?
389
What is the greatest common factor of 9811806 and 5761?
823
Calculate the greatest common factor of 34052438 and 77.
7
What is the greatest common divisor of 16256 and 17772?
4
Calculate the greatest common divisor of 1032937 and 4607.
17
Calculate the highest common factor of 34494951 and 732.
183
Calculate the greatest common factor of 4927 and 1274.
13
What is the greatest common divisor of 3396 and 134581782?
1698
What is the greatest common divisor of 26 and 2901657512?
26
What is the highest common divisor of 494 and 90703834?
494
What is the highest common divisor of 14613483 and 2283?
2283
Calculate the highest common divisor of 24 and 21211188.
12
Calculate the greatest common divisor of 31099304 and 1112.
1112
Calculate the highest common factor of 2565672 and 492.
12
What is the greatest common divisor of 18376 and 202?
2
Calculate the highest common divisor of 3439 and 800755.
19
What is the greatest common factor of 531450 and 805500?
450
What is the highest common divisor of 13558640 and 880?
80
Calculate the greatest common factor of 72954 and 403893.
189
What is the greatest common divisor of 906 and 273316342?
302
What is the greatest common divisor of 20 and 51966250?
10
What is the highest common divisor of 2422 and 237041?
7
What is the highest common divisor of 48360 and 291000?
120
Calculate the greatest common factor of 42631 and 45984.
479
What is the highest common divisor of 7574751 and 3956?
989
What is the greatest common divisor of 1480 and 50839480?
1480
What is the highest common divisor of 31 and 73695029?
31
Calculate the greatest common divisor of 15665 and 151850244.
3133
Calculate the greatest common divisor of 576422 and 23617.
209
Calculate the greatest common divisor of 24814 and 162298.
38
Calculate the greatest common factor of 4371808 and 9184.
224
Calculate the greatest common factor of 22285243 and 1059.
353
Calculate the highest common divisor of 23256605 and 10.
5
What is the greatest common divisor of 20033 and 223847?
871
Calculate the greatest common factor of 16 and 36027248.
16
What is the highest common divisor of 18 and 323577900?
18
What is the highest common divisor of 62304 and 131784?
24
Calculate the highest common factor of 2062194 and 1032.
258
What is the greatest common divisor of 62902432 and 64?
32
What is the greatest common divisor of 61737522 and 462?
462
Calculate the highest common factor of 4787 and 1714.
1
What is the greatest common factor of 1135746 and 54?
18
What is the highest common divisor of 1253408 and 4488588?
1196
What is the highest common factor of 3936 and 2254080?
96
Calculate the greatest common divisor of 30918 and 1182.
6
Calculate the greatest common divisor of 39072 and 633736.
296
What is the highest common factor of 68 and 16913660?
4
What is the highest common factor of 1447675 and 92825?
1975
Calculate the greatest common divisor of 92 and 25557002.
46
What is the greatest common divisor of 53 and 21046?
1
What is the greatest common factor of 2262411 and 8649?
279
Calculate the greatest common factor of 81 and 92803131.
27
What is the highest common factor of 17654 and 1536626?
182
Calculate the greatest common factor of 29561645 and 85.
5
What is the highest common factor of 1023462 and 46332?
594
Calculate the greatest common factor of 10819 and 3463723.
31
What is the highest common divisor of 45792 and 14670?
18
What is the highest common divisor of 253748 and 22484?
3212
Calculate the highest common factor of 118390572 and 698.
698
Calculate the highest common divisor of 1285797 and 332454.
201
What is the highest common factor of 888 and 2580195?
111
What is the highest common divisor of 17 and 322190851?
17
What is the highest common divisor of 33336784 and 5793?
1931
What is the greatest common factor of 444 and 52238?
2
Calculate the highest common factor of 29029 and 33813710.
203
Calculate the highest common divisor of 8890472 and 23084.
116
What is the highest common factor of 6117678 and 111734?
322
What is the greatest common factor of 13287 and 64113?
129
Calculate the greatest common divisor of 19840 and 79532360.
1240
Calculate the greatest common factor of 5790828 and 2172.
12
Calculate the greatest common factor of 949158 and 7347.
93
Calculate the highest common divisor of 464403 and 365070.
849
What is the greatest common factor of 4089226 and 12?
2
What is the greatest common factor of 35 and 44902123?
7
Calculate the highest common factor of 3322908 and 7941888.
13788
What is the greatest common divisor of 1449 and 54248145?
483
What is the greatest common divisor of 10824 and 34584?
264
Calculate the highest common factor 